Let b(g) = -g**3 + 12*g**2 + 13*g. Let m be b(13). Does 11 divide -2 - ((1 - 43) + m)?
False
Suppose 2*b + 312 = -2*b. Let v be 3/(9/b*-1). Suppose v + 4 = 5*a. Is a a multiple of 3?
True
Suppose 0 = 8*i - 6*i - 50. Does 15 divide i?
False
Let l = 56 + -30. Let i be l/(-4)*(-1 + -3). Let d = i + -8. Does 9 divide d?
True
Let u = 79 + -51. Is 12 a factor of u?
False
Does 4 divide (-1)/4 - (-66)/8?
True
Let u be 2/(-3)*9/(-6). Let j be u/((-3)/(-18)*2). Suppose 0 = -y - j*y + 68. Does 8 divide y?
False
Suppose 5*u + 4 - 9 = o, u - 12 = -2*o. Let g(v) = 3*v**2 - 4*v - 7. Does 12 divide g(o)?
True
Let i = -70 + 125. Let x = 79 - i. Does 13 divide x?
False
Let r = -11 - -18. Let v = 38 + r. Does 15 divide v?
True
Suppose 7*h - 6*h - 379 = 0. Suppose -5*t + g = -h, 5*t - g - 381 = -2*g. Is t a multiple of 19?
True
Let k(p) = p**3 + 5*p**2 - p - 3. Let g be k(-5). Suppose 2 + g = y. Suppose 5*d + 1 = -2*x + 62, 0 = -3*d + y*x + 47. Does 11 divide d?
False
Let g(x) = -x**3 + 5*x**2 - 4*x. Let d be -1 + 3 + 0 + 1. Is 4 a factor of g(d)?
False
Suppose l + 126 = -2*l. Does 13 divide (l + 1)*(-3 - -2)?
False
Suppose -122 = -4*d - 5*s, -6*d + d + 142 = s. Does 12 divide d?
False
Let t(k) = k**3 + 2*k**2 + 2. Let n(b) = b**3 - 2*b**2 - 5*b + 4. Let m be n(3). Let s be t(m). Suppose -h - 38 = -s*h. Does 13 divide h?
False
Let j = 16 - 26. Let b = -2 - j. Is 8 a factor of b?
True
Let d = 45 - -35. Suppose 4*q = -q + d. Does 16 divide q?
True
Let s = -7 - -10. Suppose -2*c - s*c = -220. Does 26 divide c?
False
Let l = -109 - -163. Is l a multiple of 18?
True
Let z(f) = -f + 9. Let a be z(7). Is 2 a factor of (0 - (2 + -16))/a?
False
Is 4 a factor of (8/(-10))/(3/(-105))?
True
Suppose 2*t - 2 = 4. Let w be (t/5)/((-1)/(-5)). Is 1/(-3*w/(-27)) even?
False
Let l(k) = k**2 + k + 5. Let v(s) = -s**3 - 5*s**2 - 2*s. Let u be v(-4). Is 17 a factor of l(u)?
False
Let h = -142 - -240. Is 14 a factor of h?
True
Suppose 6 = 2*x + k, -4*k - 5 - 3 = 0. Suppose x*z - 117 = 99. Does 18 divide z?
True
Let w(t) = t + 19. Is 6 a factor of w(17)?
True
Let v(y) = 7*y + 0*y**2 + y**2 + 6 + 1. Let t be v(-8). Let b = 23 - t. Is b a multiple of 8?
True
Let c(v) be the second derivative of 2/3*v**4 - 1/3*v**3 + 3*v + 0 + 1/2*v**2. Is 7 a factor of c(1)?
True
Suppose -2*p + 3 = -21. Does 12 divide p?
True
Let g(y) = 15*y**3 + 3*y**2 - 2*y + 2. Let w be g(2). Suppose q - w = -4*q. Is q a multiple of 13?
True
Let f(h) = -83*h**3 - 1. Let q be f(1). Does 15 divide (q/(-4))/(6/8)?
False
Let z = -12 + 14. Suppose -48 = -6*t + z*t. Is t a multiple of 6?
True
Suppose 0 = -q + 2*q - 11. Is 11 a factor of q?
True
Suppose u - 5*c = 9, -3*c = -0*c. Is u even?
False
Does 13 divide ((-64)/(-10))/((-2)/(-15))?
False
Suppose 5*u - 4*n = 274, -2*n - 1 = 1. Is u a multiple of 18?
True
Suppose -5*r - 3*i + 595 - 171 = 0, 2*i = 6. Let j = -59 + r. Suppose w + j = 2*w. Is w a multiple of 11?
False
Let v(o) = 12*o**2 + 1. Let s be 4/(-18) + (-29)/(-9). Suppose -6*p = -s*p - 3. Is 9 a factor of v(p)?
False
Let w = -6 - -12. Suppose w*y - 180 = y. Is y a multiple of 18?
True
Is ((-48)/9)/((-6)/9) a multiple of 4?
True
Let g be -2 + 0 - 14/(-7). Suppose -5*m + g = -70. Is 4 a factor of m?
False
Let w = 6 + -14. Let m = w + 18. Let o = m - 1. Is 5 a factor of o?
False
Suppose 8 = 24*g - 23*g. Is g a multiple of 8?
True
Suppose 0 = -6*o + 4*o + 6. Suppose -p + 2*q + 11 = 0, -3*p + 5*q = -12 - 17. Suppose -o*d + 42 = -k, -p*d + 2 = 2*k - 40. Is d a multiple of 5?
False
Suppose -h + 4*r - 34 = -3*h, -h + 5*r = 11. Suppose -4 = -5*o - l + 62, -2*l = 4*o - 48. Let p = o - h. Is p a multiple of 2?
False
Suppose 5*y = -3*c + 13, -6 = y - 4*y. Does 11 divide (c + 0)/(4/152)?
False
Let j(r) = r + 11. Let d be j(-7). Let q(z) = z - 1. Let a be q(d). Suppose -b = 4*o + 10, 0*b + a*o + 13 = 2*b. Is 2 a factor of b?
True
Let u = 46 + -6. Suppose 2*s - n = 2*n + u, -n = -2*s + 36. Is s a multiple of 17?
True
Suppose b + u + 1 = 0, -u - 10 = u. Suppose 4*f = -4, -b*t + f = -7 - 26. Is t a multiple of 8?
True
Suppose 2*d - 158 = 2. Is 24 a factor of d?
False
Let m = 7 - 2. Let z(q) = q + 12. Let s be z(0). Suppose 3*a + 4*u = -a + s, m*u + 15 = 0. Is 6 a factor of a?
True
Suppose 0 = h + 14 + 5. Let a = 31 + h. Suppose -2*n - a = -4*n. Is n a multiple of 4?
False
Let y = 12 + 0. Is 3 a factor of y?
True
Let x(t) = t**2 + 2*t + 5. Let d be 0 - 2*(-1)/2. Suppose -f - 3 = d. Is 13 a factor of x(f)?
True
Let r = -58 + 96. Is r a multiple of 19?
True
Let b(m) = m**2 + 9*m - 8. Let u be b(-10). Suppose -u*z - 2*z = -96. Is z a multiple of 24?
True
Let c(l) = -l**3 - 7*l**2 - 6*l + 8. Let v = -4 + -2. Does 4 divide c(v)?
True
Let j = 5 + -1. Suppose -6*n + 38 = -j*n. Is 16 a factor of n?
False
Suppose -64 = w - 4*u, -2*w - 2*u = -7*w - 320. Let b be (w/(-20))/((-6)/(-165)). Suppose -b = -2*r - 2*k + k, -186 = -4*r + 3*k. Is r a multiple of 18?
False
Suppose 8 = 3*r + o - 3*o, 0 = -5*r + 4*o + 14. Let b be r/7 + 276/14. Is b/(0 + 3/3) a multiple of 11?
False
Suppose i = -2*i + 24. Is 7 a factor of i?
False
Suppose 8 = 3*o + 2. Let z be (1/(-2))/(o/8). Does 6 divide 236/16 - z/8?
False
Let s = -109 - -153. Does 15 divide s?
False
Let x be (-2)/(12/9 - 2). Let a(u) = -4*u + 0*u**3 - x*u**3 - 4*u**2 - 3 + 4*u**3. Is 2 a factor of a(5)?
True
Let l = -8 + 16. Suppose -l*m = -4*m + 4. Is 16 a factor of -56*3/6*m?
False
Suppose -v = 4*z - 3, 2*v - 11 = 2*z + 5*v. Suppose -3*p - 93 = -3*q, z*q - 41 = 3*p + 16. Suppose -5*g - 2*h + q = 0, g = -2*g - 3*h + 18. Is 4 a factor of g?
True
Suppose -2*k = -2*s + k - 144, 2*k - 226 = 3*s. Is 2/6 - s/9 a multiple of 9?
True
Suppose -5*s + 267 = -2*s. Is 18 a factor of s?
False
Let v(a) = -a - 2*a + 2*a + 3. Let o = -16 + 8. Is 8 a factor of v(o)?
False
Let a(q) = q**3 + 6*q**2 - 11*q - 9. Is 7 a factor of a(-7)?
False
Suppose 2*j + 38 - 12 = 0. Let z = j - -24. Is z a multiple of 11?
True
Let v = 158 - 60. Does 14 divide v?
True
Let o(z) = 21*z - 23. Let d(b) = 11*b - 12. Let t(n) = -11*d(n) + 6*o(n). Let u be t(8). Suppose -4*h + u = -2. Is 6 a factor of h?
False
Let q = -1 - -14. Is 7 a factor of q?
False
Suppose 4*t + 268 = 4*y, -5*y + 3*y = -4*t - 124. Does 3 divide y?
True
Let w = -5 - -5. Suppose w = -5*s - 49 - 56. Does 7 divide 1*(-2)/3*s?
True
Let y be (-1 + (-34)/(-4))*2. Let n = 11 + y. Does 12 divide n?
False
Let r be (4 - -2) + -3 + 1. Let s = r - -35. Does 13 divide s?
True
Suppose -3*o = -7*k + 2*k + 945, -367 = -2*k - o. Is k a multiple of 28?
False
Let l = -4 + 24. Is l a multiple of 5?
True
Let g(b) = -3 + 3 - 7*b - 2. Let k be (-12)/5 + 8/20. Is 6 a factor of g(k)?
True
Suppose 0 = -4*a + 114 + 74. Is a a multiple of 7?
False
Let u be ((-2)/3)/(3/(-27)). Suppose -4*n + 16 = 0, 4*n = 4*m + n + 24. Does 8 divide m*(-2)/u - -11?
False
Let x = 10 + -7. Is x even?
False
Suppose l - 6*l = -k + 34, k = -4*l - 11. Does 3 divide k?
True
Suppose 0*a + 5*a = 5. Let j(v) = -7 + a + 6*v + 2*v. Is 13 a factor of j(4)?
True
Let x(n) be the third derivative of -5*n**4/24 - 7*n**3/6 + 4*n**2. Is 7 a factor of x(-6)?
False
Let g be 12/30 - 816/(-10). Suppose -22 = 2*i - g. Does 10 divide i?
True
Let x = 100 - 69. Is 10 a factor of x?
False
Suppose 0 = s - 15 + 2. Is 6 a factor of s?
False
Let c(d) = 9*d + 1. Let y be c(6). Suppose 2*l = z - 0*z + 37, 5*z = -5*l + y. Is 16 a factor of l?
True
Let x(k) = -k**3 + 4*k**2 + 2*k - 6. Let b be x(4). Suppose b*d = -3*h + 5*d + 24, -2*h - 5*d = 12. Is h a multiple of 2?
True
Let i = 39 + 115. Is i a multiple of 39?
False
Let y = 16 - 30. Is 3 a factor of (-4)/14 - 102/y?
False
Let m(n) = -n**2 - 1. Let y be m(-1). Let k be (-3 - -5)/(2/y). Is 38/6 - k/(-6) a multiple of 5?
False
Let v = -125 + 363. Does 14 divide v?
True
Suppose d + 2 - 10 = 0. Suppose 4*z + 2*k - 62 = 0, d*z + k - 82 = 3*z. Is 17 a factor of z?
True
Let i(z) = -z - 2. Let f(w) = 3*w**3 - w**2 + w. Let t be f(1). Suppose 2*g - 9 = 2*l + t, -5*g = -5. Is i(l) a multiple of 3?
True
Suppose -254 = -4*b + 58. Is 3 a factor of b?
True
Let m(n) = -n**3 - 6*n**2 + 5*n - 10. Let z be m(-7). Suppose -4*v + 20 = -u + 5*u, 0 = -3*u + z*v + 36. Is 2 a factor of u/18*-3*-3?
True
Suppose -4*x - n + 243 = 0, 2*x + 119 = 4*x + n. Suppose -2*f + f + x = 0. Is f a multiple of 26?
False
Suppose -4*t - 5*l